29*y + 6042 + 666 = 0. Calculate the remainder when y is divided by 13.
0
Let u = 23 - 20. Suppose 0 = 2*q - u*o - 10, -4*q - o = -4*o - 26. Let p(c) = -c**3 + 5*c**2 - 4*c + 7. Calculate the remainder when p(3) is divided by q.
5
Let n = -112 - -116. Calculate the remainder when 151 is divided by (3 - n)/((-3)/153).
49
Suppose 4*i = -6 + 78. Calculate the remainder when i is divided by 2 + 4/28*7.
0
Let y be 3 + (-4 + 8)*25. Suppose y = -20*g + 983. What is the remainder when g is divided by 14?
2
Let t = -14 - 6. What is the remainder when ((-55)/t + -2)*120 + 5 is divided by 42?
11
Let x = -5165 - -5207. Calculate the remainder when 575 is divided by x.
29
Suppose 669*a = 655*a + 182. Calculate the remainder when 1000 is divided by a.
12
Let w(j) = -j**3 - j**2 + 6*j - 12. Calculate the remainder when 45/60 + 1594/8 is divided by w(-4).
8
Let v = 34 - 32. Suppose -v*q - 5*y = -715, -q - 3*y + y = -359. Suppose a - 83 = 4*z, 0*a + 5*z = -5*a + q. What is the remainder when a is divided by 39?
36
What is the remainder when ((-1)/(21/528))/((-43)/301) is divided by 31?
21
What is the remainder when ((-1)/(-12))/((-114)/(-638856)) is divided by 77?
5
Let n = 3146 + -2069. Let b = n + -987. Calculate the remainder when b is divided by 23.
21
Suppose 0 = 2*y - 28*a + 25*a - 22, 0 = 4*y + 3*a - 80. What is the remainder when 20 is divided by y?
3
Calculate the remainder when 149 is divided by 11 + -3 - (-29 + -25).
25
Let z be 164/(-16) - -2*(-1)/(-8). Let d be (-474*12/90)/(2/z). Suppose -228 - d = -8*l. Calculate the remainder when l is divided by 18.
14
Let x(h) = 1255*h - 8031. What is the remainder when x(8) is divided by 1004?
1
Suppose -47*z = -39*z - 541 + 117. Calculate the remainder when 410 is divided by z.
39
Let s(c) = 30*c - 94. Suppose 2*j = -4, 3*j - 7 = 5*h - 48. What is the remainder when s(h) is divided by 34?
14
Suppose b - 583 = -4*c - 83, 5*b - 610 = -5*c. Let m = -27 + c. What is the remainder when m is divided by 13?
8
Let y be (6 - -1) + -5 + 0. Suppose -4*l - 26 = -5*n - 3*l, 0 = -y*n - 2*l + 20. Let o(d) = 11*d - 30. Calculate the remainder when 142 is divided by o(n).
34
Suppose -16 + 31 = m. Let o = -27 + 29. Suppose m = o*b - i, -3*i + 1 - 4 = 0. What is the remainder when 22 is divided by b?
1
Let t = 25323 - 24980. Calculate the remainder when 1732 is divided by t.
17
Suppose 101*m - 450 = 360 - 2. Suppose -2*z = -c + 73 - 4, 5*z = -3*c + 207. Calculate the remainder when c is divided by m.
5
Let t(f) = -39*f + 4335. Calculate the remainder when 2576 is divided by t(98).
11
Calculate the remainder when 333 is divided by ((-25)/2)/(-5) - (-20243)/(-62)*-1.
4
Let m = -131 - -131. Suppose -2*u + u = m. Suppose 3*p + 12*p - 405 = u. What is the remainder when p is divided by 15?
12
Suppose -5*f = -0*q + 2*q - 29, -2*f + 15 = q. Calculate the remainder when (-11)/((-33)/(-144))*(18 + -19) is divided by q.
14
Let s(d) = -34*d - 208. Calculate the remainder when 198 is divided by s(-9).
2
Suppose -1375 = -17*q + 42*q. Let s(b) = -b**2 + 7*b + 5. Let g be s(8). Calculate the remainder when (10/q + (-1946)/66)*g is divided by 30.
29
Let d(m) = -15*m**2 - 3*m**2 - 2*m**2 + 21*m**2 + 23*m + 13. What is the remainder when 76 is divided by d(-23)?
11
Let m(j) = 11*j**2 - 236*j - 962. What is the remainder when 686 is divided by m(-4)?
54
Let m = 38 - 29. Suppose -m = 3*p - x - 0*x, x = -3*p - 3. What is the remainder when 40 is divided by 1 + 3 + p - -12?
12
Suppose 0 = 2*f + 3*z - 50 + 15, 2*f - 4*z = 0. Let h(t) = -13*t - 6. Let o be h(-4). Suppose o = 4*q - 18. Calculate the remainder when q is divided by f.
6
Let j(h) = 12*h + 5. Let y be j(1). Suppose y = 13*t - 126. Suppose -2*n - 3*f + 16 = -f, n + 17 = 4*f. What is the remainder when t is divided by n?
2
Let s(d) = -4*d**2 + 2*d + 2. Let c be s(4). Let q = 4494 + -4426. Let r = c + q. Calculate the remainder when r is divided by 5.
4
Suppose 0 = -221*f + 9902 + 51536. What is the remainder when 858 is divided by f?
24
Suppose -48*h = 4*l - 46*h - 30, -l + 21 = -4*h. Calculate the remainder when 425 is divided by l.
2
Suppose 0 = m - 5*j - 113, 5*j = 2*m - 134 - 107. Suppose -12 = -b - v - 66, m = -2*b + 3*v. Let o = 84 + b. Calculate the remainder when 73 is divided by o.
21
What is the remainder when 2/5*(2786 + -22 + -24) is divided by 359?
19
Suppose 5*k = 218 + 22. Let y = 52 - k. Suppose 5*c = y*i - 65, 2*i = c - 2 + 27. What is the remainder when 48 is divided by i?
8
Let a = -348 + 831. Let d = -241 + a. Calculate the remainder when d is divided by 49.
46
Suppose 0 = -3*b + 46*z - 47*z + 130, 25 = -5*z. What is the remainder when 379 is divided by b?
19
Suppose -a + 0*i + 2*i = -11, 3*i = a - 15. Suppose 0 = a*v - 5*l - 27, -3 + 12 = -3*l. Suppose 8*c + 120 = 12*c. What is the remainder when c is divided by v?
2
Calculate the remainder when 3492 is divided by (106/2)/(((2 - 7) + 4)/(-3)).
153
Let h = 459 + -457. Suppose -4*b - g + 191 - 10 = 0, 0 = -h*g + 10. What is the remainder when 262 is divided by b?
42
Let x = -273 - -319. Suppose 33*v - x*v = -78. Calculate the remainder when 59 is divided by v.
5
Suppose -2*o - 318 = 4*h, 5*o + 614 = 2*h - 157. Let z = o - -176. What is the remainder when 56 is divided by z?
14
Suppose 5*y - 145 = -5*j, 3*y + 416*j = 414*j + 87. What is the remainder when y is divided by 12?
5
Let o = 542 - 512. Let u = 262 + -180. What is the remainder when u is divided by (-2497)/(-143) - o/65?
14
Let u = -31 + 40. Suppose 4*f + 5*z - 50 - u = 0, -43 = -3*f - 5*z. Suppose -36 = 13*r - f*r. Calculate the remainder when 34 is divided by r.
10
Let p(q) = 29*q**2 - 1126*q - 11. Calculate the remainder when 2937 is divided by p(39).
177
Let m(a) = -a**3 + 13*a**2 - 5*a - 17. What is the remainder when -4*725/(-140)*7 is divided by m(12)?
11
Let x(v) = -21*v + 145. Let f be x(6). Let b = 5 + f. Calculate the remainder when 95 is divided by b.
23
Suppose 881*c - 884*c - 5*f + 97 = 0, 4*f - 116 = -4*c. Let s(x) = x + 8. Let o be s(-5). Let t(q) = 3*q - 1. Calculate the remainder when c is divided by t(o).
0
Suppose 2*k - 3*l - 541 = 0, -519*l + 523*l = 2*k - 534. Calculate the remainder when 514 is divided by k.
233
Suppose -5*t = a - 478, 184 = 2*t + 3*a - 2. Let u = -26 + t. Calculate the remainder when u is divided by 9.
7
Let y(i) = -5*i**2 + 33*i - 12. Let l be y(6). Suppose l*z - 183 = 477. Calculate the remainder when z is divided by 30.
20
Let r = 12299 + -10893. Calculate the remainder when r is divided by 127.
9
Let w(a) = a**2 + 9*a - 63. Suppose -20*r - 201 - 119 = 0. Calculate the remainder when 292 is divided by w(r).
47
Let x(r) = 3*r**2 + 3*r - 4. Suppose 14*t - 9*t - 3340 = -15*t. What is the remainder when t is divided by x(4)?
55
What is the remainder when (-14397)/27*-1 - 34/153 is divided by 25?
8
Suppose 2*i + 0*x - 119 = 5*x, x - 257 = -5*i. Let n(h) = 2*h**2 + 10*h - 25. What is the remainder when n(6) is divided by i?
3
Let k(m) = m**3 - 47*m**2 - 95*m - 132. What is the remainder when ((-213)/2)/(-3)*2 is divided by k(49)?
11
Let a(k) = k**3 + 16*k**2 - 40*k - 263. What is the remainder when a(-13) is divided by 4?
0
Suppose 9*a + 5*s = 4*a + 9975, -2*s = -6*a + 11994. Calculate the remainder when a is divided by 50.
48
Suppose 5*n = 5*f - 900, 0 = 5*f + 9*n - 5*n - 873. Suppose -6*o + 22 + 50 = 0. What is the remainder when f is divided by o?
9
Suppose -h + 4*h = -15, -n + 44 = 4*h. Let y(l) = -l**3 + 85*l**2 + 27603*l + 822. What is the remainder when y(214) is divided by n?
52
Let n(g) = -g**3 + g**2 + g - 1. Let t(p) = 14*p**3 + 9*p - 5. Let j(m) = -3*n(m) + t(m). What is the remainder when j(2) is divided by 45?
44
Calculate the remainder when 18835 is divided by ((-5712)/(-392))/(5 + (-201)/42).
67
Suppose 27 = 5*g - 58. Let y(w) = w - 13 + 15*w - w**2 + 10*w - 6*w. Calculate the remainder when 111 is divided by y(g).
35
Suppose -4*k - 3*f = 3*k - 329, 0 = 2*k - f - 107. Let u(h) = 73*h**2 + 2*h + 1. What is the remainder when u(2) is divided by k?
47
Suppose 0 = 14*i - 18*i. Suppose 126 = 4*v + u, i = -5*v + 2*v + 4*u + 104. Suppose -3*s + 121 + 356 = 0. Calculate the remainder when s is divided by v.
31
Let m be 2 + 1 - (-11 - -11). Calculate the remainder when m/(-3)*(2 + -168) is divided by 43.
37
Let q(